ommon factor of 23 and 162702?
23
What is the highest common divisor of 72200 and 1083?
361
Calculate the highest common divisor of 8037 and 6063.
141
What is the greatest common divisor of 3570 and 150?
30
Calculate the highest common factor of 69291 and 3681.
9
Calculate the greatest common factor of 135 and 235035.
135
What is the greatest common divisor of 511 and 71759?
73
What is the highest common divisor of 5595 and 206642?
373
What is the highest common factor of 78408 and 54?
54
Calculate the greatest common divisor of 837 and 27432.
27
Calculate the highest common factor of 462 and 1950.
6
What is the highest common divisor of 3321 and 23903?
41
Calculate the greatest common divisor of 227807 and 1099.
157
Calculate the highest common factor of 164206 and 74.
74
Calculate the highest common divisor of 644 and 961492.
644
Calculate the greatest common divisor of 405 and 132390.
45
Calculate the greatest common factor of 469 and 2331.
7
Calculate the greatest common factor of 272 and 197540.
68
What is the highest common factor of 4480 and 10720?
160
What is the greatest common divisor of 84 and 27076?
28
What is the highest common factor of 90 and 63846?
18
Calculate the greatest common divisor of 31640 and 7980.
140
What is the greatest common divisor of 2286 and 168656?
254
Calculate the highest common divisor of 1014 and 30.
6
What is the highest common divisor of 84104 and 8?
8
What is the greatest common divisor of 2407 and 4233?
83
Calculate the greatest common divisor of 3442416 and 58.
58
Calculate the highest common factor of 10706044 and 152.
76
Calculate the highest common factor of 14268 and 55419.
87
Calculate the greatest common factor of 157 and 75203.
157
What is the greatest common factor of 34 and 1814801?
17
Calculate the highest common factor of 4717636 and 742.
742
What is the highest common factor of 1077 and 192?
3
Calculate the highest common divisor of 181536 and 558.
186
Calculate the highest common factor of 548427 and 33.
33
What is the greatest common divisor of 14393 and 56980?
37
Calculate the greatest common divisor of 928520 and 417.
139
Calculate the highest common factor of 1565540 and 20.
20
What is the greatest common divisor of 33566 and 182?
26
What is the highest common factor of 709356 and 336?
12
What is the highest common divisor of 32039 and 427651?
1393
Calculate the greatest common factor of 9575 and 2325.
25
What is the greatest common factor of 1021440 and 192?
192
What is the greatest common factor of 324263 and 172?
43
What is the highest common factor of 27505 and 25?
5
What is the greatest common factor of 3970 and 650?
10
Calculate the highest common divisor of 530 and 489402.
106
What is the highest common factor of 574 and 2029377?
287
What is the highest common factor of 57 and 92682?
57
What is the greatest common factor of 87690 and 18960?
2370
Calculate the greatest common factor of 4853887 and 31.
31
What is the greatest common divisor of 16 and 11006?
2
What is the highest common factor of 21 and 5656?
7
Calculate the highest common factor of 230 and 9085.
115
Calculate the highest common factor of 73773 and 2058.
21
What is the greatest common divisor of 20 and 818540?
20
What is the greatest common factor of 299185 and 32741?
1129
Calculate the greatest common divisor of 9460 and 4884.
44
Calculate the highest common factor of 23982684 and 249.
249
What is the greatest common divisor of 8274 and 14?
14
Calculate the highest common factor of 1524 and 1384681.
127
What is the greatest common factor of 127449 and 27?
9
Calculate the greatest common factor of 54 and 42264.
18
What is the greatest common factor of 96 and 207096?
24
Calculate the highest common factor of 12 and 3702.
6
What is the greatest common divisor of 137 and 59458?
137
Calculate the greatest common factor of 434 and 57071.
217
Calculate the greatest common divisor of 224857 and 284.
71
Calculate the greatest common factor of 5892255 and 30.
15
What is the greatest common divisor of 305 and 208315?
305
What is the greatest common factor of 103846 and 4110?
274
Calculate the highest common factor of 1290210 and 165.
15
What is the greatest common divisor of 8420 and 30?
10
What is the highest common divisor of 3920900 and 20?
20
Calculate the highest common factor of 221 and 2488409.
17
Calculate the highest common divisor of 9 and 514071.
9
What is the highest common factor of 252000 and 1170?
90
What is the highest common factor of 103008 and 73704?
888
Calculate the highest common factor of 32047 and 17560.
439
Calculate the highest common divisor of 7475 and 1225.
25
What is the highest common factor of 55818 and 1134?
126
Calculate the greatest common factor of 13598 and 1794.
26
Calculate the highest common divisor of 684 and 4275.
171
Calculate the greatest common divisor of 460672 and 2074.
122
What is the highest common divisor of 562 and 2234793?
281
Calculate the greatest common factor of 554 and 8712758.
554
Calculate the greatest common factor of 18 and 386109.
9
Calculate the greatest common factor of 35 and 674807.
7
Calculate the highest common divisor of 13545 and 162.
9
Calculate the greatest common divisor of 33228 and 142.
142
Calculate the greatest common divisor of 14456 and 208.
104
Calculate the highest common divisor of 2171 and 5083.
13
Calculate the highest common factor of 4788 and 6498.
342
What is the greatest common divisor of 103020 and 765?
255
What is the greatest common divisor of 2150 and 1372775?
1075
Calculate the highest common factor of 27 and 89.
1
Calculate the greatest common divisor of 492 and 3567.
123
What is the highest common divisor of 16745 and 13593?
197
What is the highest common factor of 560 and 13454?
14
What is the highest common factor of 65262 and 4768?
298
What is the highest common factor of 7681611 and 21?
21
What is the highest common divisor of 53645 and 5?
5
Calculate the highest common divisor of 4148 and 578.
34
What is the highest common factor of 51600 and 1230?
30
Calculate the greatest common divisor of 1285011 and 1053.
351
What is the highest common divisor of 19 and 1543541?
19
Calculate the greatest common divisor of 3335 and 3611.
23
What is the highest common divisor of 303 and 719625?
303
Calculate the greatest common factor of 1844552 and 776.
776
What is the greatest common factor of 2796 and 1500?
12
Calculate the highest common divisor of 99 and 2156022.
99
What is the greatest common factor of 91135 and 1485?
55
Calculate the greatest common divisor of 209 and 120.
1
Calculate the highest common factor of 43263 and 228.
57
Calculate the highest common divisor of 2033 and 19.
19
What is the greatest common divisor of 880425 and 351?
117
What is the greatest common factor of 732254 and 2?
2
Calculate the highest common factor of 110750 and 300.
50
Calculate the greatest common factor of 2294 and 78926.
62
What is the greatest common factor of 32 and 318888?
8
Calculate the greatest common factor of 4368 and 106704.
624
Calculate the highest common divisor of 16383 and 17544.
129
What is the highest common factor of 1 and 96589?
1
Calculate the greatest common divisor of 936 and 9708.
12
Calculate the greatest common divisor of 15051 and 2523.
87
Calculate the greatest common divisor of 2768 and 13148.
692
Calculate the greatest common factor of 369 and 4962.
3
Calculate the greatest common divisor of 140008 and 2442.
814
What is the highest common factor of 2010 and 2818690?
670
Calculate the greatest common factor of 5616 and 165024.
432
What is the greatest common factor of 35 and 424417?
7
What is the highest common divisor of 333 and 66156?
111
What is the greatest common factor of 434024 and 16?
8
What is the greatest common divisor of 308 and 9772?
28
What is the highest common divisor of 32250 and 473?
43
Calculate the greatest common factor of 118313 and 1482.
247
Calculate the highest common factor of 2139040 and 116.
116
Calculate the highest common factor of 400 and 15625.
25
Calculate the greatest common divisor of 70930 and 11890.
410
What is the highest common factor of 816 and 12024?
24
Calculate the highest common divisor of 3324 and 204.
12
What is the greatest common divisor of 252 and 65576?
28
What is t